123.125.71.101 - - [13/Jan/2013:21:56:06 -0600] "GET /robots.txt HTTP/1.1" 200 335 "-" "Mozilla/5.0 (Windows NT 5.1; rv:6.0.2) Gecko/20100101 Firefox/6.0.2"
66.249.74.38 - - [13/Jan/2013:22:03:33 -0600] "GET /blog/tag/tokyo/feed/ HTTP/1.1" 200 2138 "-" "Mozilla/5.0 (compatible; Googlebot/2.1; +http://www.google.com/bot.html)"
66.249.74.38 - - [13/Jan/2013:22:03:34 -0600] "GET /blog/tag/japan/feed/ HTTP/1.1" 200 2136 "-" "Mozilla/5.0 (compatible; Googlebot/2.1; +http://www.google.com/bot.html)"
106.187.97.211 - - [13/Jan/2013:22:15:30 -0600] "POST /blog/wp-cron.php?doing_wp_cron=1358136930.1687750816345214843750 HTTP/1.0" 200 203 "-" "WordPress/3.5; http://mysite.com/blog"
66.249.74.38 - - [13/Jan/2013:22:15:30 -0600] "GET /blog/tag/beet-soup/ HTTP/1.1" 200 2667 "-" "Mozilla/5.0 (compatible; Googlebot/2.1; +http://www.google.com/bot.html)"
108.166.87.63 - - [13/Jan/2013:22:17:06 -0600] "GET /blog/feed/ HTTP/1.1" 304 166 "-" "Opera/7.60 (Windows NT 5.2; U) [en] (IBM EVV/3.0/EAK01AG9/LE)"
61.135.248.191 - - [13/Jan/2013:22:18:09 -0600] "GET / HTTP/1.1" 302 411 "-" "Mozilla/5.0 (compatible; YodaoBot/1.0; http://www.yodao.com/help/webmaster/spider/; )"
61.135.248.191 - - [13/Jan/2013:22:18:10 -0600] "GET /robots.txt HTTP/1.1" 200 272 "-" "Mozilla/5.0 (compatible; YodaoBot/1.0; http://www.yodao.com/help/webmaster/spider/; )"
61.135.248.191 - - [13/Jan/2013:22:18:10 -0600] "GET /blog/ HTTP/1.1" 200 11637 "-" "Mozilla/5.0 (compatible; YodaoBot/1.0; http://www.yodao.com/help/webmaster/spider/; )"
173.199.117.235 - - [13/Jan/2013:22:28:33 -0600] "GET /blog/about/ HTTP/1.1" 200 2622 "-" "Mozilla/5.0 (compatible; AhrefsBot/4.0; +http://ahrefs.com/robot/)"
208.115.111.70 - - [13/Jan/2013:22:34:25 -0600] "GET /robots.txt HTTP/1.1" 200 272 "-" "Mozilla/5.0 (compatible; Ezooms/1.0; ezooms.bot@gmail.com)"
123.125.71.86 - - [13/Jan/2013:22:39:31 -0600] "GET / HTTP/1.1" 302 429 "-" "Mozilla/5.0 (compatible; Baiduspider/2.0; +http://www.baidu.com/search/spider.html)"
220.181.108.141 - - [13/Jan/2013:22:40:26 -0600] "GET / HTTP/1.1" 302 429 "-" "Mozilla/5.0 (compatible; Baiduspider/2.0; +http://www.baidu.com/search/spider.html)"
202.46.54.110 - - [13/Jan/2013:22:41:02 -0600] "GET / HTTP/1.1" 302 429 "-" "Mozilla/4.0 (compatible; MSIE 7.0; Windows NT 6.0)"
173.199.117.235 - - [13/Jan/2013:22:41:04 -0600] "GET /blog/category/portfolio/ HTTP/1.1" 200 5544 "-" "Mozilla/5.0 (compatible; AhrefsBot/4.0; +http://ahrefs.com/robot/)"
119.63.193.194 - - [13/Jan/2013:22:41:08 -0600] "GET / HTTP/1.1" 302 429 "-" "Mozilla/4.0 (compatible; MSIE 7.0; Windows NT 6.0)"
119.247.227.238 - - [13/Jan/2013:22:44:16 -0600] "GET /blog/ HTTP/1.1" 200 40506 "-" "Mozilla/4.0 (compatible; MSIE 5.5; Windows NT)"
109.120.157.179 - - [13/Jan/2013:22:47:13 -0600] "GET /blog/about/ HTTP/1.1" 200 6865 "http://www.plasticsurgeon.com.ua/" "Mozilla/5.0 (compatible; Add Catalog/2.1;)"
109.120.157.179 - - [13/Jan/2013:22:47:14 -0600] "GET /blog/about/ HTTP/1.1" 200 6865 "http://www.plasticsurgeon.com.ua/" "Mozilla/5.0 (compatible; Add Catalog/2.1;)"
180.76.5.162 - - [13/Jan/2013:22:56:54 -0600] "GET /blog/tag/goal-setting/ HTTP/1.1" 200 4772 "-" "Mozilla/5.0 (compatible; Baiduspider/2.0; +http://www.baidu.com/search/spider.html)"
24.113.221.2 - - [13/Jan/2013:23:05:16 -0600] "GET /blog/wp-content/uploads/2011/01/prefs31.png HTTP/1.1" 200 85768 "http://speichsoledad.github.com/close-firefox-popup-box.html" "Mozilla/5.0 (Windows NT 6.0; WOW64; rv:17.0) Gecko/20100101 Firefox/17...
176.61.139.128 - - [13/Jan/2013:23:11:01 -0600] "GET http://37.28.156.211/sprawdza.php HTTP/1.1" 404 434 "-" "Mozilla/5.0 (compatible; MSIE 9.0; Windows NT 6.1; Trident/5.0)"
70.45.211.154 - - [13/Jan/2013:23:18:43 -0600] "GET /scripts/twitter-who2follow.user.js HTTP/1.1" 302 467 "-" "Mozilla/5.0 (Windows NT 6.1; rv:18.0) Gecko/20100101 Firefox/18.0"
70.45.211.154 - - [13/Jan/2013:23:18:43 -0600] "GET /blog/ HTTP/1.1" 200 11692 "-" "Mozilla/5.0 (Windows NT 6.1; rv:18.0) Gecko/20100101 Firefox/18.0"
208.115.111.70 - - [13/Jan/2013:23:27:55 -0600] "GET /blog/category/rants/ HTTP/1.1" 200 18127 "-" "Mozilla/5.0 (compatible; Ezooms/1.0; ezooms.bot@gmail.com)"
173.199.117.235 - - [13/Jan/2013:23:36:28 -0600] "GET /blog/category/language/ HTTP/1.1" 200 5922 "-" "Mozilla/5.0 (compatible; AhrefsBot/4.0; +http://ahrefs.com/robot/)"
119.247.227.238 - - [13/Jan/2013:23:37:05 -0600] "GET /blog/ HTTP/1.1" 200 40506 "-" "Mozilla/4.0 (compatible; MSIE 5.5; Windows NT)"
123.125.71.104 - - [13/Jan/2013:23:38:51 -0600] "GET / HTTP/1.1" 302 429 "-" "Mozilla/5.0 (compatible; Baiduspider/2.0; +http://www.baidu.com/search/spider.html)"
220.181.108.79 - - [13/Jan/2013:23:39:43 -0600] "GET / HTTP/1.1" 302 429 "-" "Mozilla/5.0 (compatible; Baiduspider/2.0; +http://www.baidu.com/search/spider.html)"
189.74.166.130 - - [13/Jan/2013:23:44:12 -0600] "GET /blog/disable-speed-dial-feature-in-firefox-13/ HTTP/1.1" 200 11844 "-" "Mozilla/5.0 (compatible; Googlebot/2.1; +http://www.google.com/bot.html)"
189.74.166.130 - - [13/Jan/2013:23:44:13 -0600] "POST /blog/wp-comments-post.php HTTP/1.0" 500 4437 "-" "Mozilla/5.0 (compatible; Googlebot/2.1; +http://www.google.com/bot.html)"
178.154.163.29 - - [13/Jan/2013:23:44:59 -0600] "GET /robots.txt HTTP/1.1" 200 328 "-" "Mozilla/5.0 (compatible; YandexBot/3.0; +http://yandex.com/bots)"
178.137.129.249 - - [13/Jan/2013:23:47:30 -0600] "GET /blog/about/ HTTP/1.1" 200 6865 "http://pr-cy.org/" "Mozilla/4.0 (compatible; MSIE 6.0; Windows XP)"
178.137.129.249 - - [13/Jan/2013:23:47:31 -0600] "GET /blog/about/ HTTP/1.1" 200 6865 "http://pr-cy.org/" "Mozilla/4.0 (compatible; MSIE 6.0; Windows XP)"
123.151.148.207 - - [14/Jan/2013:00:19:02 -0600] "GET / HTTP/1.1" 302 467 "-" "Sosospider+(+http://help.soso.com/webspider.htm)"
123.151.148.207 - - [14/Jan/2013:00:19:03 -0600] "GET /blog/ HTTP/1.1" 200 11693 "-" "Sosospider+(+http://help.soso.com/webspider.htm)"
123.151.148.207 - - [14/Jan/2013:00:19:12 -0600] "GET /blog/wp-content/themes/koi-improved/yellow.css HTTP/1.1" 404 11837 "http://mysite.com/" "Sosospider+(+http://help.soso.com/webspider.htm)"
37.1.207.22 - - [14/Jan/2013:00:24:41 -0600] "GET /blog/wp-content/themes/metamorphosis/timthumb.php HTTP/1.1" 404 40649 "-" "Mozilla/5.0 (Macintosh; Intel Mac OS X 10_6_8) AppleWebKit/535.7 (KHTML, like Gecko) Chrome/16.0.912.77 Safari/535.7"
208.115.113.86 - - [14/Jan/2013:00:38:13 -0600] "GET /robots.txt HTTP/1.1" 200 272 "-" "Mozilla/5.0 (compatible; Ezooms/1.0; ezooms.bot@gmail.com)"
123.125.71.103 - - [14/Jan/2013:00:38:36 -0600] "GET / HTTP/1.1" 302 429 "-" "Mozilla/5.0 (compatible; Baiduspider/2.0; +http://www.baidu.com/search/spider.html)"
220.181.108.142 - - [14/Jan/2013:00:39:27 -0600] "GET / HTTP/1.1" 302 429 "-" "Mozilla/5.0 (compatible; Baiduspider/2.0; +http://www.baidu.com/search/spider.html)"
61.135.248.185 - - [14/Jan/2013:00:45:39 -0600] "GET / HTTP/1.1" 302 411 "-" "Mozilla/5.0 (compatible; YodaoBot/1.0; http://www.yodao.com/help/webmaster/spider/; )"
61.135.248.185 - - [14/Jan/2013:00:45:40 -0600] "GET /robots.txt HTTP/1.1" 200 272 "-" "Mozilla/5.0 (compatible; YodaoBot/1.0; http://www.yodao.com/help/webmaster/spider/; )"
61.135.248.185 - - [14/Jan/2013:00:45:40 -0600] "GET /blog/ HTTP/1.1" 200 11637 "-" "Mozilla/5.0 (compatible; YodaoBot/1.0; http://www.yodao.com/help/webmaster/spider/; )"
119.63.193.196 - - [14/Jan/2013:00:51:30 -0600] "GET / HTTP/1.1" 302 429 "-" "Mozilla/4.0 (compatible; MSIE 7.0; Windows NT 6.0)"
65.111.177.188 - - [14/Jan/2013:00:54:37 -0600] "GET / HTTP/1.1" 403 426 "-" "Mozilla/5.0 (Windows NT 5.1) AppleWebKit/535.11 (KHTML, like Gecko) Chrome/17.0.963.56 Safari/535.11"
65.111.177.188 - - [14/Jan/2013:00:54:38 -0600] "GET / HTTP/1.1" 403 370 "-" "Mozilla/5.0 (Windows NT 5.1) AppleWebKit/535.11 (KHTML, like Gecko) Chrome/17.0.963.56 Safari/535.11"
65.111.177.188 - - [14/Jan/2013:00:54:40 -0600] "GET / HTTP/1.1" 403 370 "-" "Mozilla/5.0 (Windows NT 5.1) AppleWebKit/535.11 (KHTML, like Gecko) Chrome/17.0.963.56 Safari/535.11"
65.111.177.188 - - [14/Jan/2013:00:54:40 -0600] "GET / HTTP/1.1" 403 370 "-" "Mozilla/5.0 (Windows NT 5.1) AppleWebKit/535.11 (KHTML, like Gecko) Chrome/17.0.963.56 Safari/535.11"
178.255.215.67 - - [14/Jan/2013:00:55:16 -0600] "GET /robots.txt HTTP/1.1" 200 335 "-" "Mozilla/5.0 (compatible; Exabot/3.0; +http://www.exabot.com/go/robot)"
178.255.215.67 - - [14/Jan/2013:00:55:17 -0600] "GET /blog/xmlrpc.php?rsd HTTP/1.1" 200 486 "-" "Mozilla/5.0 (compatible; Exabot/3.0; +http://www.exabot.com/go/robot)"
173.199.117.235 - - [14/Jan/2013:01:11:16 -0600] "GET /blog/category/tech/ HTTP/1.1" 200 27449 "-" "Mozilla/5.0 (compatible; AhrefsBot/4.0; +http://ahrefs.com/robot/)"
66.249.74.38 - - [14/Jan/2013:01:18:12 -0600] "GET /blog/tag/osx-terminal/ HTTP/1.1" 200 2720 "-" "Mozilla/5.0 (compatible; Googlebot/2.1; +http://www.google.com/bot.html)"
208.115.113.86 - - [14/Jan/2013:01:34:00 -0600] "GET /blog/tag/firefox/feed/ HTTP/1.1" 200 3423 "-" "Mozilla/5.0 (compatible; Ezooms/1.0; ezooms.bot@gmail.com)"
5.135.186.48 - - [14/Jan/2013:01:44:49 -0600] "POST /wp-login.php HTTP/1.0" 302 492 "http://ninjavegan.com/wp-login.php" "Opera/9.80 (Windows NT 6.1; U; ru) Presto/2.8.131 Version/11.10"
94.23.14.147 - - [14/Jan/2013:01:44:49 -0600] "POST /wp-login.php HTTP/1.0" 302 492 "http://ninjavegan.com/wp-login.php" "Opera/9.80 (Windows NT 6.1; U; ru) Presto/2.8.131 Version/11.10"
5.135.186.47 - - [14/Jan/2013:01:44:49 -0600] "POST /wp-login.php HTTP/1.0" 302 492 "http://ninjavegan.com/wp-login.php" "Opera/9.80 (Windows NT 6.1; U; ru) Presto/2.8.131 Version/11.10"
94.23.62.47 - - [14/Jan/2013:01:44:50 -0600] "POST /wp-login.php HTTP/1.0" 302 492 "http://ninjavegan.com/wp-login.php" "Opera/9.80 (Windows NT 6.1; U; ru) Presto/2.8.131 Version/11.10"
91.121.204.98 - - [14/Jan/2013:01:44:50 -0600] "POST /wp-login.php HTTP/1.0" 302 492 "http://ninjavegan.com/wp-login.php" "Opera/9.80 (Windows NT 6.1; U; ru) Presto/2.8.131 Version/11.10"
94.23.4.106 - - [14/Jan/2013:01:44:50 -0600] "POST /wp-login.php HTTP/1.0" 302 492 "http://ninjavegan.com/wp-login.php" "Opera/9.80 (Windows NT 6.1; U; ru) Presto/2.8.131 Version/11.10"
91.121.198.168 - - [14/Jan/2013:01:44:50 -0600] "POST /wp-login.php HTTP/1.0" 302 492 "http://ninjavegan.com/wp-login.php" "Opera/9.80 (Windows NT 6.1; U; ru) Presto/2.8.131 Version/11.10"
119.247.227.238 - - [14/Jan/2013:01:45:31 -0600] "GET /blog/ HTTP/1.1" 200 40506 "-" "Mozilla/4.0 (compatible; MSIE 5.5; Windows NT)"
180.153.236.195 - - [14/Jan/2013:02:06:30 -0600] "GET / HTTP/1.1" 302 467 "http://mysite.com/" "Mozilla/5.0 (Windows; U; Windows NT 5.1; zh-CN; rv:1.8.0.11) Gecko/20070312 Firefox/1.5.0.11; 360Spider"
180.153.236.190 - - [14/Jan/2013:02:06:31 -0600] "GET /blog/ HTTP/1.1" 200 11693 "http://mysite.com/blog/" "Mozilla/5.0 (Windows; U; Windows NT 5.1; zh-CN; rv:1.8.0.11) Gecko/20070312 Firefox/1.5.0.11; 360Spider"
173.199.120.155 - - [14/Jan/2013:02:09:23 -0600] "GET /blog/category/travel/ HTTP/1.1" 200 14810 "-" "Mozilla/5.0 (compatible; AhrefsBot/4.0; +http://ahrefs.com/robot/)"
180.76.5.59 - - [14/Jan/2013:02:17:52 -0600] "GET /blog/tag/belief/feed/ HTTP/1.1" 200 2367 "-" "Mozilla/5.0 (compatible; Baiduspider/2.0; +http://www.baidu.com/search/spider.html)"
208.115.111.70 - - [14/Jan/2013:02:32:07 -0600] "GET /robots.txt HTTP/1.1" 200 272 "-" "Mozilla/5.0 (compatible; Ezooms/1.0; ezooms.bot@gmail.com)"
216.244.78.146 - - [14/Jan/2013:02:35:33 -0600] "GET /blog/almost-christmas/ HTTP/1.1" 200 14916 "-" "Mozilla/4.0 (compatible; MSIE 6.0; Windows NT 5.1; SV1; Mozilla/4.0 (compatible; MSIE 6.0; Windows NT 5.1; SV1) )"
119.247.227.238 - - [14/Jan/2013:02:35:45 -0600] "GET /blog/ HTTP/1.1" 200 40506 "-" "Mozilla/4.0 (compatible; MSIE 5.5; Windows NT)"
113.91.66.22 - - [14/Jan/2013:02:35:47 -0600] "POST /blog/wp-comments-post.php HTTP/1.1" 500 4462 "http://mysite.com/blog/almost-christmas/" "Mozilla/4.0 (compatible; MSIE 6.0; Windows NT 5.1; SV1; TencentTraveler ; Mozilla/4.0 (compatible; MSIE 6.0;...
123.125.71.88 - - [14/Jan/2013:02:38:41 -0600] "GET / HTTP/1.1" 302 429 "-" "Mozilla/5.0 (compatible; Baiduspider/2.0; +http://www.baidu.com/search/spider.html)"
220.181.108.152 - - [14/Jan/2013:02:39:34 -0600] "GET / HTTP/1.1" 302 429 "-" "Mozilla/5.0 (compatible; Baiduspider/2.0; +http://www.baidu.com/search/spider.html)"
66.249.74.38 - - [14/Jan/2013:02:46:34 -0600] "GET /blog/?cal_d=yjstbkmzxrzlkbun HTTP/1.1" 200 11714 "-" "Mozilla/5.0 (compatible; Googlebot/2.1; +http://www.google.com/bot.html)"
66.249.74.38 - - [14/Jan/2013:02:54:47 -0600] "GET /blog/osx-change-root-shell/ HTTP/1.1" 200 3490 "-" "Mozilla/5.0 (compatible; Googlebot/2.1; +http://www.google.com/bot.html)"
66.249.74.38 - - [14/Jan/2013:02:58:35 -0600] "GET /blog/remove-ubuntudebian-version-from-sshd-server-string/ HTTP/1.1" 200 3344 "-" "Mozilla/5.0 (compatible; Googlebot/2.1; +http://www.google.com/bot.html)"
61.135.249.78 - - [14/Jan/2013:03:02:40 -0600] "GET / HTTP/1.1" 302 411 "-" "Mozilla/5.0 (compatible; YodaoBot/1.0; http://www.yodao.com/help/webmaster/spider/; )"
61.135.249.78 - - [14/Jan/2013:03:02:40 -0600] "GET /robots.txt HTTP/1.1" 200 272 "-" "Mozilla/5.0 (compatible; YodaoBot/1.0; http://www.yodao.com/help/webmaster/spider/; )"
61.135.249.78 - - [14/Jan/2013:03:02:40 -0600] "GET /blog/ HTTP/1.1" 200 11637 "-" "Mozilla/5.0 (compatible; YodaoBot/1.0; http://www.yodao.com/help/webmaster/spider/; )"
217.140.96.21 - - [14/Jan/2013:03:14:27 -0600] "GET /blog/osx-universal-binary/ HTTP/1.1" 200 3560 "http://www.google.co.uk/url?sa=t&rct=j&q=makefile%20universal%20mac&source=web&cd=1&ved=0CDIQFjAA&url=http%3A%2F%2Fmysite.com%2Fblog%2Fosx-universal-b...
217.140.96.21 - - [14/Jan/2013:03:14:29 -0600] "GET /blog/wp-content/themes/koi-improved/style.css HTTP/1.1" 304 194 "http://mysite.com/blog/osx-universal-binary/" "Mozilla/5.0 (Macintosh; Intel Mac OS X 10_7_5) AppleWebKit/536.26.17 (KHTML, like Gec...
217.140.96.21 - - [14/Jan/2013:03:14:29 -0600] "GET /blog/wp-content/themes/koi-improved/yellow.css HTTP/1.1" 404 11837 "http://mysite.com/blog/osx-universal-binary/" "Mozilla/5.0 (Macintosh; Intel Mac OS X 10_7_5) AppleWebKit/536.26.17 (KHTML, like ...

t/05-list-apache.t  view on Meta::CPAN

157.55.33.248 - - [14/Jan/2013:04:40:36 -0600] "GET /blog/category/adventuring/ HTTP/1.1" 200 7670 "-" "Mozilla/5.0 (compatible; bingbot/2.0; +http://www.bing.com/bingbot.htm)"
123.125.71.108 - - [14/Jan/2013:04:41:05 -0600] "GET / HTTP/1.1" 302 429 "-" "Mozilla/5.0 (compatible; Baiduspider/2.0; +http://www.baidu.com/search/spider.html)"
157.55.34.35 - - [14/Jan/2013:04:41:31 -0600] "GET /blog/tag/osx-2/ HTTP/1.1" 200 6287 "-" "Mozilla/5.0 (compatible; bingbot/2.0; +http://www.bing.com/bingbot.htm)"
157.55.34.35 - - [14/Jan/2013:04:41:38 -0600] "GET /blog/thailand-september-2012/ HTTP/1.1" 200 4567 "-" "Mozilla/5.0 (compatible; bingbot/2.0; +http://www.bing.com/bingbot.htm)"
157.55.34.35 - - [14/Jan/2013:04:41:44 -0600] "GET /blog/feed HTTP/1.1" 301 385 "-" "Mozilla/5.0 (compatible; bingbot/2.0; +http://www.bing.com/bingbot.htm)"
220.181.108.148 - - [14/Jan/2013:04:42:00 -0600] "GET / HTTP/1.1" 302 429 "-" "Mozilla/5.0 (compatible; Baiduspider/2.0; +http://www.baidu.com/search/spider.html)"
157.55.33.248 - - [14/Jan/2013:04:42:41 -0600] "GET /blog/purple-carrot/ HTTP/1.1" 200 3043 "-" "Mozilla/5.0 (compatible; bingbot/2.0; +http://www.bing.com/bingbot.htm)"
157.55.33.248 - - [14/Jan/2013:04:49:36 -0600] "GET /blog/remove-ubuntudebian-version-from-sshd-server-string/ HTTP/1.1" 200 3344 "-" "Mozilla/5.0 (compatible; bingbot/2.0; +http://www.bing.com/bingbot.htm)"
157.55.33.248 - - [14/Jan/2013:04:59:23 -0600] "GET /blog/sailing/ HTTP/1.1" 200 3764 "-" "Mozilla/5.0 (compatible; bingbot/2.0; +http://www.bing.com/bingbot.htm)"
178.154.163.29 - - [14/Jan/2013:05:01:22 -0600] "GET /blog/remove-ubuntudebian-version-from-sshd-server-string/ HTTP/1.1" 200 3344 "-" "Mozilla/5.0 (compatible; YandexBot/3.0; +http://yandex.com/bots)"
187.6.113.125 - - [14/Jan/2013:05:06:16 -0600] "GET /blog/panama/ HTTP/1.1" 200 8692 "-" "Mozilla/5.0 (compatible; Googlebot/2.1; +http://www.google.com/bot.html)"
176.34.138.250 - - [14/Jan/2013:05:10:14 -0600] "GET / HTTP/1.1" 302 492 "-" "-"
176.34.138.250 - - [14/Jan/2013:05:11:02 -0600] "GET / HTTP/1.1" 302 467 "-" "Mozilla/4.0 (compatible; MSIE 7.0; Windows NT 6.1; WOW64; Trident/5.0; SLCC2; .NET CLR 2.0.50727; .NET CLR 3.5.30729; .NET CLR 3.0.30729; .NET4.0C; .NET4.0E)"
176.34.138.250 - - [14/Jan/2013:05:11:02 -0600] "GET /blog/ HTTP/1.1" 200 11692 "-" "Mozilla/4.0 (compatible; MSIE 7.0; Windows NT 6.1; WOW64; Trident/5.0; SLCC2; .NET CLR 2.0.50727; .NET CLR 3.5.30729; .NET CLR 3.0.30729; .NET4.0C; .NET4.0E)"
176.34.138.250 - - [14/Jan/2013:05:11:03 -0600] "GET /blog/wp-content/themes/koi-improved/style.css HTTP/1.1" 200 4122 "http://mysite.com/blog/" "Mozilla/4.0 (compatible; MSIE 7.0; Windows NT 6.1; WOW64; Trident/5.0; SLCC2; .NET CLR 2.0.50727; .NET C...
176.34.138.250 - - [14/Jan/2013:05:11:03 -0600] "GET /blog/wp-content/themes/koi-improved/img/socialmedia/rss.png HTTP/1.1" 200 1760 "http://mysite.com/blog/" "Mozilla/4.0 (compatible; MSIE 7.0; Windows NT 6.1; WOW64; Trident/5.0; SLCC2; .NET CLR 2.0...
176.34.138.250 - - [14/Jan/2013:05:11:03 -0600] "GET /blog/wp-content/plugins/codecolorer/codecolorer.css?ver=0.9.9 HTTP/1.1" 200 2393 "http://mysite.com/blog/" "Mozilla/4.0 (compatible; MSIE 7.0; Windows NT 6.1; WOW64; Trident/5.0; SLCC2; .NET CLR 2...
176.34.138.250 - - [14/Jan/2013:05:11:03 -0600] "GET /blog/wp-content/themes/koi-improved/yellow.css HTTP/1.1" 404 11837 "http://mysite.com/blog/" "Mozilla/4.0 (compatible; MSIE 7.0; Windows NT 6.1; WOW64; Trident/5.0; SLCC2; .NET CLR 2.0.50727; .NET...
176.34.138.250 - - [14/Jan/2013:05:11:04 -0600] "GET /blog/wp-content/themes/koi-improved/img/paper-bg.jpg HTTP/1.1" 200 15311 "http://mysite.com/blog/" "Mozilla/4.0 (compatible; MSIE 7.0; Windows NT 6.1; WOW64; Trident/5.0; SLCC2; .NET CLR 2.0.50727...
176.34.138.250 - - [14/Jan/2013:05:11:04 -0600] "GET /blog/wp-content/themes/koi-improved/img/top-illustration.gif HTTP/1.1" 200 73677 "http://mysite.com/blog/" "Mozilla/4.0 (compatible; MSIE 7.0; Windows NT 6.1; WOW64; Trident/5.0; SLCC2; .NET CLR 2...
176.34.138.250 - - [14/Jan/2013:05:11:04 -0600] "GET /blog/wp-content/themes/koi-improved/img/footer.gif HTTP/1.1" 200 44308 "http://mysite.com/blog/" "Mozilla/4.0 (compatible; MSIE 7.0; Windows NT 6.1; WOW64; Trident/5.0; SLCC2; .NET CLR 2.0.50727; ...
176.34.138.250 - - [14/Jan/2013:05:11:04 -0600] "GET /blog/wp-content/themes/koi-improved/img/header.gif HTTP/1.1" 200 61485 "http://mysite.com/blog/" "Mozilla/4.0 (compatible; MSIE 7.0; Windows NT 6.1; WOW64; Trident/5.0; SLCC2; .NET CLR 2.0.50727; ...
176.34.138.250 - - [14/Jan/2013:05:11:05 -0600] "GET /blog/wp-content/themes/koi-improved/img/post-nav-rule.png HTTP/1.1" 200 530 "http://mysite.com/blog/" "Mozilla/4.0 (compatible; MSIE 7.0; Windows NT 6.1; WOW64; Trident/5.0; SLCC2; .NET CLR 2.0.50...
176.34.138.250 - - [14/Jan/2013:05:11:05 -0600] "GET /blog/wp-content/themes/koi-improved/img/post-nav-bg.png HTTP/1.1" 200 2231 "http://mysite.com/blog/" "Mozilla/4.0 (compatible; MSIE 7.0; Windows NT 6.1; WOW64; Trident/5.0; SLCC2; .NET CLR 2.0.507...
123.125.71.86 - - [14/Jan/2013:05:38:09 -0600] "GET / HTTP/1.1" 302 429 "-" "Mozilla/5.0 (compatible; Baiduspider/2.0; +http://www.baidu.com/search/spider.html)"
66.249.74.38 - - [14/Jan/2013:05:38:54 -0600] "GET /blog/page/2/?view=month&cal_d=1&cal_m=3&cal_y=1987&course=1 HTTP/1.1" 200 15352 "-" "Mozilla/5.0 (compatible; Googlebot/2.1; +http://www.google.com/bot.html)"
220.181.108.180 - - [14/Jan/2013:05:38:59 -0600] "GET / HTTP/1.1" 302 429 "-" "Mozilla/5.0 (compatible; Baiduspider/2.0; +http://www.baidu.com/search/spider.html)"
180.76.6.29 - - [14/Jan/2013:05:39:25 -0600] "GET /blog/lost-in-translation/ HTTP/1.1" 200 3181 "-" "Mozilla/5.0 (compatible; Baiduspider/2.0; +http://www.baidu.com/search/spider.html)"
61.135.248.187 - - [14/Jan/2013:05:44:56 -0600] "GET / HTTP/1.1" 302 411 "-" "Mozilla/5.0 (compatible; YodaoBot/1.0; http://www.yodao.com/help/webmaster/spider/; )"
61.135.248.187 - - [14/Jan/2013:05:44:56 -0600] "GET /robots.txt HTTP/1.1" 200 272 "-" "Mozilla/5.0 (compatible; YodaoBot/1.0; http://www.yodao.com/help/webmaster/spider/; )"
61.135.248.187 - - [14/Jan/2013:05:44:57 -0600] "GET /blog/ HTTP/1.1" 200 11637 "-" "Mozilla/5.0 (compatible; YodaoBot/1.0; http://www.yodao.com/help/webmaster/spider/; )"
119.247.227.238 - - [14/Jan/2013:05:47:57 -0600] "GET /blog/ HTTP/1.1" 200 40506 "-" "Mozilla/4.0 (compatible; MSIE 5.5; Windows NT)"
82.136.233.171 - - [14/Jan/2013:06:07:10 -0600] "GET /blog/black-carrots/ HTTP/1.1" 200 3205 "http://www.google.nl/url?sa=t&rct=j&q=&esrc=s&source=web&cd=3&sqi=2&ved=0CEEQFjAC&url=http%3A%2F%2Fmysite.com%2Fblog%2Fblack-carrots%2F&ei=xvTzUL2FDIGp0QWBs...
82.136.233.171 - - [14/Jan/2013:06:07:11 -0600] "GET /blog/wp-content/themes/koi-improved/style.css HTTP/1.1" 200 4122 "http://mysite.com/blog/black-carrots/" "Mozilla/5.0 (Windows NT 6.1; WOW64; rv:18.0) Gecko/20100101 Firefox/18.0"
82.136.233.171 - - [14/Jan/2013:06:07:11 -0600] "GET /blog/wp-content/themes/koi-improved/img/socialmedia/rss.png HTTP/1.1" 200 1760 "http://mysite.com/blog/black-carrots/" "Mozilla/5.0 (Windows NT 6.1; WOW64; rv:18.0) Gecko/20100101 Firefox/18.0"
82.136.233.171 - - [14/Jan/2013:06:07:11 -0600] "GET /blog/wp-content/plugins/codecolorer/codecolorer.css?ver=0.9.9 HTTP/1.1" 200 2393 "http://mysite.com/blog/black-carrots/" "Mozilla/5.0 (Windows NT 6.1; WOW64; rv:18.0) Gecko/20100101 Firefox/18.0"
82.136.233.171 - - [14/Jan/2013:06:07:11 -0600] "GET /blog/wp-includes/js/comment-reply.min.js?ver=3.5 HTTP/1.1" 200 747 "http://mysite.com/blog/black-carrots/" "Mozilla/5.0 (Windows NT 6.1; WOW64; rv:18.0) Gecko/20100101 Firefox/18.0"
82.136.233.171 - - [14/Jan/2013:06:07:11 -0600] "GET /blog/wp-content/themes/koi-improved/yellow.css HTTP/1.1" 404 11837 "http://mysite.com/blog/black-carrots/" "Mozilla/5.0 (Windows NT 6.1; WOW64; rv:18.0) Gecko/20100101 Firefox/18.0"
82.136.233.171 - - [14/Jan/2013:06:07:12 -0600] "GET /blog/wp-content/themes/koi-improved/img/paper-bg.jpg HTTP/1.1" 200 15311 "http://mysite.com/blog/wp-content/themes/koi-improved/style.css" "Mozilla/5.0 (Windows NT 6.1; WOW64; rv:18.0) Gecko/20100...
82.136.233.171 - - [14/Jan/2013:06:07:12 -0600] "GET /blog/wp-content/themes/koi-improved/img/post-nav-rule.png HTTP/1.1" 200 530 "http://mysite.com/blog/wp-content/themes/koi-improved/style.css" "Mozilla/5.0 (Windows NT 6.1; WOW64; rv:18.0) Gecko/20...
82.136.233.171 - - [14/Jan/2013:06:07:12 -0600] "GET /blog/wp-content/themes/koi-improved/img/post-nav-bg.png HTTP/1.1" 200 2231 "http://mysite.com/blog/wp-content/themes/koi-improved/style.css" "Mozilla/5.0 (Windows NT 6.1; WOW64; rv:18.0) Gecko/201...
82.136.233.171 - - [14/Jan/2013:06:07:12 -0600] "GET /blog/wp-content/themes/koi-improved/img/top-illustration.gif HTTP/1.1" 200 73677 "http://mysite.com/blog/wp-content/themes/koi-improved/style.css" "Mozilla/5.0 (Windows NT 6.1; WOW64; rv:18.0) Gec...
82.136.233.171 - - [14/Jan/2013:06:07:12 -0600] "GET /blog/wp-content/themes/koi-improved/img/footer.gif HTTP/1.1" 200 44308 "http://mysite.com/blog/wp-content/themes/koi-improved/style.css" "Mozilla/5.0 (Windows NT 6.1; WOW64; rv:18.0) Gecko/2010010...
82.136.233.171 - - [14/Jan/2013:06:07:12 -0600] "GET /blog/wp-content/themes/koi-improved/img/header.gif HTTP/1.1" 200 61485 "http://mysite.com/blog/wp-content/themes/koi-improved/style.css" "Mozilla/5.0 (Windows NT 6.1; WOW64; rv:18.0) Gecko/2010010...
82.136.233.171 - - [14/Jan/2013:06:07:14 -0600] "GET /favicon.ico HTTP/1.1" 302 466 "-" "Mozilla/5.0 (Windows NT 6.1; WOW64; rv:18.0) Gecko/20100101 Firefox/18.0"
82.136.233.171 - - [14/Jan/2013:06:07:14 -0600] "GET /blog/analysis-chinese-phishing-scam/ HTTP/1.1" 200 4132 "http://mysite.com/blog/black-carrots/" "Mozilla/5.0 (Windows NT 6.1; WOW64; rv:18.0) Gecko/20100101 Firefox/18.0"
82.136.233.171 - - [14/Jan/2013:06:07:14 -0600] "GET /blog/ HTTP/1.1" 200 11692 "-" "Mozilla/5.0 (Windows NT 6.1; WOW64; rv:18.0) Gecko/20100101 Firefox/18.0"
173.199.120.155 - - [14/Jan/2013:06:13:40 -0600] "GET /blog/hello-world/ HTTP/1.1" 200 2538 "-" "Mozilla/5.0 (compatible; AhrefsBot/4.0; +http://ahrefs.com/robot/)"
80.112.172.240 - - [14/Jan/2013:06:15:17 -0600] "GET /blog/how-to-break-out-of-an-exit-popup-in-firefox/ HTTP/1.1" 200 3046 "http://www.google.nl/url?sa=t&rct=j&q=&esrc=s&source=web&cd=3&ved=0CEMQFjAC&url=http%3A%2F%2Fmysite.com%2Fblog%2Fhow-to-break...
80.112.172.240 - - [14/Jan/2013:06:15:17 -0600] "GET /blog/wp-content/themes/koi-improved/style.css HTTP/1.1" 200 4122 "http://mysite.com/blog/how-to-break-out-of-an-exit-popup-in-firefox/" "Mozilla/5.0 (Windows NT 6.1; WOW64; rv:20.0) Gecko/20130113...
80.112.172.240 - - [14/Jan/2013:06:15:17 -0600] "GET /blog/wp-includes/js/comment-reply.min.js?ver=3.5 HTTP/1.1" 200 747 "http://mysite.com/blog/how-to-break-out-of-an-exit-popup-in-firefox/" "Mozilla/5.0 (Windows NT 6.1; WOW64; rv:20.0) Gecko/201301...
80.112.172.240 - - [14/Jan/2013:06:15:17 -0600] "GET /blog/wp-content/plugins/codecolorer/codecolorer.css?ver=0.9.9 HTTP/1.1" 200 2393 "http://mysite.com/blog/how-to-break-out-of-an-exit-popup-in-firefox/" "Mozilla/5.0 (Windows NT 6.1; WOW64; rv:20.0...
80.112.172.240 - - [14/Jan/2013:06:15:17 -0600] "GET /blog/wp-content/themes/koi-improved/yellow.css HTTP/1.1" 404 11837 "http://mysite.com/blog/how-to-break-out-of-an-exit-popup-in-firefox/" "Mozilla/5.0 (Windows NT 6.1; WOW64; rv:20.0) Gecko/201301...
80.112.172.240 - - [14/Jan/2013:06:15:18 -0600] "GET /blog/wp-content/themes/koi-improved/img/socialmedia/rss.png HTTP/1.1" 200 1759 "http://mysite.com/blog/how-to-break-out-of-an-exit-popup-in-firefox/" "Mozilla/5.0 (Windows NT 6.1; WOW64; rv:20.0) ...
80.112.172.240 - - [14/Jan/2013:06:15:18 -0600] "GET /blog/wp-content/themes/koi-improved/img/paper-bg.jpg HTTP/1.1" 200 15311 "http://mysite.com/blog/wp-content/themes/koi-improved/style.css" "Mozilla/5.0 (Windows NT 6.1; WOW64; rv:20.0) Gecko/20130...
80.112.172.240 - - [14/Jan/2013:06:15:18 -0600] "GET /blog/wp-content/uploads/2011/01/exitpop2.png HTTP/1.1" 200 48817 "http://mysite.com/blog/how-to-break-out-of-an-exit-popup-in-firefox/" "Mozilla/5.0 (Windows NT 6.1; WOW64; rv:20.0) Gecko/20130113...
80.112.172.240 - - [14/Jan/2013:06:15:19 -0600] "GET /blog/wp-content/themes/koi-improved/img/post-nav-rule.png HTTP/1.1" 200 531 "http://mysite.com/blog/wp-content/themes/koi-improved/style.css" "Mozilla/5.0 (Windows NT 6.1; WOW64; rv:20.0) Gecko/20...
80.112.172.240 - - [14/Jan/2013:06:15:19 -0600] "GET /blog/wp-content/themes/koi-improved/img/post-nav-bg.png HTTP/1.1" 200 2231 "http://mysite.com/blog/wp-content/themes/koi-improved/style.css" "Mozilla/5.0 (Windows NT 6.1; WOW64; rv:20.0) Gecko/201...
80.112.172.240 - - [14/Jan/2013:06:15:19 -0600] "GET /blog/wp-content/themes/koi-improved/img/top-illustration.gif HTTP/1.1" 200 73677 "http://mysite.com/blog/wp-content/themes/koi-improved/style.css" "Mozilla/5.0 (Windows NT 6.1; WOW64; rv:20.0) Gec...
80.112.172.240 - - [14/Jan/2013:06:15:19 -0600] "GET /blog/wp-content/themes/koi-improved/img/header.gif HTTP/1.1" 200 61486 "http://mysite.com/blog/wp-content/themes/koi-improved/style.css" "Mozilla/5.0 (Windows NT 6.1; WOW64; rv:20.0) Gecko/2013011...
80.112.172.240 - - [14/Jan/2013:06:15:18 -0600] "GET /blog/wp-content/uploads/2011/01/prefs31.png HTTP/1.1" 200 85767 "http://mysite.com/blog/how-to-break-out-of-an-exit-popup-in-firefox/" "Mozilla/5.0 (Windows NT 6.1; WOW64; rv:20.0) Gecko/20130113 ...
80.112.172.240 - - [14/Jan/2013:06:15:19 -0600] "GET /blog/wp-content/themes/koi-improved/img/footer.gif HTTP/1.1" 200 44308 "http://mysite.com/blog/wp-content/themes/koi-improved/style.css" "Mozilla/5.0 (Windows NT 6.1; WOW64; rv:20.0) Gecko/2013011...
80.112.172.240 - - [14/Jan/2013:06:15:20 -0600] "GET /favicon.ico HTTP/1.1" 302 466 "-" "Mozilla/5.0 (Windows NT 6.1; WOW64; rv:20.0) Gecko/20130113 Firefox/20.0"
80.112.172.240 - - [14/Jan/2013:06:15:20 -0600] "GET /blog/the-skills/ HTTP/1.1" 200 6364 "http://mysite.com/blog/how-to-break-out-of-an-exit-popup-in-firefox/" "Mozilla/5.0 (Windows NT 6.1; WOW64; rv:20.0) Gecko/20130113 Firefox/20.0"
80.112.172.240 - - [14/Jan/2013:06:15:20 -0600] "GET /blog/ HTTP/1.1" 200 11692 "-" "Mozilla/5.0 (Windows NT 6.1; WOW64; rv:20.0) Gecko/20130113 Firefox/20.0"
178.154.163.29 - - [14/Jan/2013:06:30:56 -0600] "GET /blog/linux-shared-library-error/ HTTP/1.1" 200 3717 "-" "Mozilla/5.0 (compatible; YandexBot/3.0; +http://yandex.com/bots)"
208.115.111.70 - - [14/Jan/2013:06:33:00 -0600] "GET /robots.txt HTTP/1.1" 200 272 "-" "Mozilla/5.0 (compatible; Ezooms/1.0; ezooms.bot@gmail.com)"
65.111.177.188 - - [14/Jan/2013:06:34:58 -0600] "GET / HTTP/1.1" 403 426 "-" "Mozilla/5.0 (Windows NT 5.1) AppleWebKit/535.11 (KHTML, like Gecko) Chrome/17.0.963.56 Safari/535.11"
65.111.177.188 - - [14/Jan/2013:06:34:58 -0600] "GET / HTTP/1.1" 403 370 "-" "Mozilla/5.0 (Windows NT 5.1) AppleWebKit/535.11 (KHTML, like Gecko) Chrome/17.0.963.56 Safari/535.11"
65.111.177.188 - - [14/Jan/2013:06:34:59 -0600] "GET / HTTP/1.1" 403 370 "-" "Mozilla/5.0 (Windows NT 5.1) AppleWebKit/535.11 (KHTML, like Gecko) Chrome/17.0.963.56 Safari/535.11"
65.111.177.188 - - [14/Jan/2013:06:34:59 -0600] "GET / HTTP/1.1" 403 370 "-" "Mozilla/5.0 (Windows NT 5.1) AppleWebKit/535.11 (KHTML, like Gecko) Chrome/17.0.963.56 Safari/535.11"
119.63.193.132 - - [14/Jan/2013:06:51:04 -0600] "GET / HTTP/1.1" 302 429 "-" "Mozilla/4.0 (compatible; MSIE 7.0; Windows NT 6.0)"
173.199.120.155 - - [14/Jan/2013:06:53:46 -0600] "GET /blog/category/adventuring/ HTTP/1.1" 200 7614 "-" "Mozilla/5.0 (compatible; AhrefsBot/4.0; +http://ahrefs.com/robot/)"
173.199.120.155 - - [14/Jan/2013:07:00:49 -0600] "GET /blog/tag/krav-maga/ HTTP/1.1" 200 3444 "-" "Mozilla/5.0 (compatible; AhrefsBot/4.0; +http://ahrefs.com/robot/)"
66.249.74.38 - - [14/Jan/2013:07:02:28 -0600] "GET /blog/page/2/?cal_m=9&cal_y=1999 HTTP/1.1" 200 15332 "-" "Mozilla/5.0 (compatible; Googlebot/2.1; +http://www.google.com/bot.html)"
208.115.111.70 - - [14/Jan/2013:07:30:20 -0600] "GET /blog/tag/exit-popups/feed/ HTTP/1.1" 200 3431 "-" "Mozilla/5.0 (compatible; Ezooms/1.0; ezooms.bot@gmail.com)"
173.199.120.155 - - [14/Jan/2013:07:42:11 -0600] "GET /blog/thailand-september-2012/ HTTP/1.1" 200 4511 "-" "Mozilla/5.0 (compatible; AhrefsBot/4.0; +http://ahrefs.com/robot/)"
173.199.120.155 - - [14/Jan/2013:07:50:18 -0600] "GET /blog/dreaming-of-andalusia-oklahoma/ HTTP/1.1" 200 3191 "-" "Mozilla/5.0 (compatible; AhrefsBot/4.0; +http://ahrefs.com/robot/)"
74.106.233.83 - - [14/Jan/2013:08:01:15 -0600] "GET /blog/analysis-chinese-phishing-scam/ HTTP/1.1" 200 4133 "http://www.google.com/url?sa=t&rct=j&q=&esrc=s&source=web&cd=6&cad=rja&ved=0CFUQFjAF&url=http%3A%2F%2Fmysite.com%2Fblog%2Fanalysis-chinese-p...
74.106.233.83 - - [14/Jan/2013:08:01:16 -0600] "GET /blog/wp-content/themes/koi-improved/style.css HTTP/1.1" 200 4122 "http://mysite.com/blog/analysis-chinese-phishing-scam/" "Mozilla/5.0 (Macintosh; Intel Mac OS X 10.6; rv:17.0) Gecko/20100101 Firef...
74.106.233.83 - - [14/Jan/2013:08:01:16 -0600] "GET /blog/wp-content/plugins/codecolorer/codecolorer.css?ver=0.9.9 HTTP/1.1" 200 2392 "http://mysite.com/blog/analysis-chinese-phishing-scam/" "Mozilla/5.0 (Macintosh; Intel Mac OS X 10.6; rv:17.0) Geck...
74.106.233.83 - - [14/Jan/2013:08:01:16 -0600] "GET /blog/wp-includes/js/comment-reply.min.js?ver=3.5 HTTP/1.1" 200 747 "http://mysite.com/blog/analysis-chinese-phishing-scam/" "Mozilla/5.0 (Macintosh; Intel Mac OS X 10.6; rv:17.0) Gecko/20100101 Fir...
74.106.233.83 - - [14/Jan/2013:08:01:16 -0600] "GET /blog/wp-content/themes/koi-improved/img/socialmedia/rss.png HTTP/1.1" 200 1760 "http://mysite.com/blog/analysis-chinese-phishing-scam/" "Mozilla/5.0 (Macintosh; Intel Mac OS X 10.6; rv:17.0) Gecko/...
74.106.233.83 - - [14/Jan/2013:08:01:16 -0600] "GET /blog/wp-content/themes/koi-improved/yellow.css HTTP/1.1" 404 11837 "http://mysite.com/blog/analysis-chinese-phishing-scam/" "Mozilla/5.0 (Macintosh; Intel Mac OS X 10.6; rv:17.0) Gecko/20100101 Fir...
74.106.233.83 - - [14/Jan/2013:08:01:17 -0600] "GET /blog/wp-content/themes/koi-improved/img/post-nav-rule.png HTTP/1.1" 200 530 "http://mysite.com/blog/wp-content/themes/koi-improved/style.css" "Mozilla/5.0 (Macintosh; Intel Mac OS X 10.6; rv:17.0) ...
74.106.233.83 - - [14/Jan/2013:08:01:17 -0600] "GET /blog/wp-content/themes/koi-improved/img/paper-bg.jpg HTTP/1.1" 200 15311 "http://mysite.com/blog/wp-content/themes/koi-improved/style.css" "Mozilla/5.0 (Macintosh; Intel Mac OS X 10.6; rv:17.0) Gec...
74.106.233.83 - - [14/Jan/2013:08:01:17 -0600] "GET /blog/wp-content/themes/koi-improved/img/post-nav-bg.png HTTP/1.1" 200 2232 "http://mysite.com/blog/wp-content/themes/koi-improved/style.css" "Mozilla/5.0 (Macintosh; Intel Mac OS X 10.6; rv:17.0) G...
74.106.233.83 - - [14/Jan/2013:08:01:17 -0600] "GET /blog/wp-content/themes/koi-improved/img/top-illustration.gif HTTP/1.1" 200 73677 "http://mysite.com/blog/wp-content/themes/koi-improved/style.css" "Mozilla/5.0 (Macintosh; Intel Mac OS X 10.6; rv:1...
74.106.233.83 - - [14/Jan/2013:08:01:17 -0600] "GET /blog/wp-content/themes/koi-improved/img/header.gif HTTP/1.1" 200 61485 "http://mysite.com/blog/wp-content/themes/koi-improved/style.css" "Mozilla/5.0 (Macintosh; Intel Mac OS X 10.6; rv:17.0) Gecko...
74.106.233.83 - - [14/Jan/2013:08:01:17 -0600] "GET /blog/wp-content/themes/koi-improved/img/footer.gif HTTP/1.1" 200 44307 "http://mysite.com/blog/wp-content/themes/koi-improved/style.css" "Mozilla/5.0 (Macintosh; Intel Mac OS X 10.6; rv:17.0) Gecko...
74.106.233.83 - - [14/Jan/2013:08:01:18 -0600] "GET /favicon.ico HTTP/1.1" 302 466 "-" "Mozilla/5.0 (Macintosh; Intel Mac OS X 10.6; rv:17.0) Gecko/20100101 Firefox/17.0"
74.106.233.83 - - [14/Jan/2013:08:01:18 -0600] "GET /blog/ HTTP/1.1" 200 11692 "-" "Mozilla/5.0 (Macintosh; Intel Mac OS X 10.6; rv:17.0) Gecko/20100101 Firefox/17.0"
173.199.120.155 - - [14/Jan/2013:08:19:01 -0600] "GET /blog/command-line-gmail/ HTTP/1.1" 200 4079 "-" "Mozilla/5.0 (compatible; AhrefsBot/4.0; +http://ahrefs.com/robot/)"
178.154.163.29 - - [14/Jan/2013:08:19:10 -0600] "GET /robots.txt HTTP/1.1" 302 492 "-" "Mozilla/5.0 (compatible; YandexBot/3.0; +http://yandex.com/bots)"
66.249.74.38 - - [14/Jan/2013:08:25:30 -0600] "GET /robots.txt HTTP/1.1" 200 372 "-" "Mozilla/5.0 (compatible; Googlebot/2.1; +http://www.google.com/bot.html)"
66.249.74.38 - - [14/Jan/2013:08:27:10 -0600] "GET /blog/wp-content/themes/koi-improved/style.css HTTP/1.1" 200 4123 "http://mysite.com/blog/remove-ubuntudebian-version-from-sshd-server-string/" "Mozilla/5.0 (compatible; Googlebot/2.1; +http://www.go...
66.249.74.38 - - [14/Jan/2013:08:27:10 -0600] "GET /blog/wp-content/plugins/codecolorer/codecolorer.css?ver=0.9.9 HTTP/1.1" 200 2393 "http://mysite.com/blog/remove-ubuntudebian-version-from-sshd-server-string/" "Mozilla/5.0 (compatible; Googlebot/2.1...
61.135.248.221 - - [14/Jan/2013:08:28:43 -0600] "GET / HTTP/1.1" 302 411 "-" "Mozilla/5.0 (compatible; YodaoBot/1.0; http://www.yodao.com/help/webmaster/spider/; )"
61.135.248.221 - - [14/Jan/2013:08:28:44 -0600] "GET /robots.txt HTTP/1.1" 200 272 "-" "Mozilla/5.0 (compatible; YodaoBot/1.0; http://www.yodao.com/help/webmaster/spider/; )"
61.135.248.221 - - [14/Jan/2013:08:28:44 -0600] "GET /blog/ HTTP/1.1" 200 11637 "-" "Mozilla/5.0 (compatible; YodaoBot/1.0; http://www.yodao.com/help/webmaster/spider/; )"
208.115.113.86 - - [14/Jan/2013:08:33:38 -0600] "GET /robots.txt HTTP/1.1" 200 272 "-" "Mozilla/5.0 (compatible; Ezooms/1.0; ezooms.bot@gmail.com)"
208.54.39.186 - - [14/Jan/2013:08:49:03 -0600] "GET /blog/tag/grow-dates-from-seed/ HTTP/1.1" 200 3238 "http://www.google.com/search?hl=en&tbo=d&site=&source=hp&q=germination+of+date+seed&oq=&gs_l=mobile-gws-hp.1.0.41l3.0.0.0.16870.1.0.0.1.1.0.0.0..0...
208.54.39.186 - - [14/Jan/2013:08:49:05 -0600] "GET /blog/wp-content/themes/koi-improved/style.css HTTP/1.1" 200 4123 "http://mysite.com/blog/tag/grow-dates-from-seed/" "Mozilla/5.0 (iPhone; CPU iPhone OS 6_0_1 like Mac OS X) AppleWebKit/536.26 (KHTM...
208.54.39.186 - - [14/Jan/2013:08:49:05 -0600] "GET /blog/wp-content/plugins/codecolorer/codecolorer.css?ver=0.9.9 HTTP/1.1" 200 2393 "http://mysite.com/blog/tag/grow-dates-from-seed/" "Mozilla/5.0 (iPhone; CPU iPhone OS 6_0_1 like Mac OS X) AppleWeb...
208.54.39.186 - - [14/Jan/2013:08:49:05 -0600] "GET /blog/wp-content/themes/koi-improved/yellow.css HTTP/1.1" 404 11837 "http://mysite.com/blog/tag/grow-dates-from-seed/" "Mozilla/5.0 (iPhone; CPU iPhone OS 6_0_1 like Mac OS X) AppleWebKit/536.26 (KH...
208.54.39.186 - - [14/Jan/2013:08:49:07 -0600] "GET /blog/wp-content/themes/koi-improved/img/socialmedia/rss.png HTTP/1.1" 200 1759 "http://mysite.com/blog/tag/grow-dates-from-seed/" "Mozilla/5.0 (iPhone; CPU iPhone OS 6_0_1 like Mac OS X) AppleWebKi...
208.54.39.186 - - [14/Jan/2013:08:49:07 -0600] "GET /blog/wp-content/themes/koi-improved/img/paper-bg.jpg HTTP/1.1" 200 15311 "http://mysite.com/blog/tag/grow-dates-from-seed/" "Mozilla/5.0 (iPhone; CPU iPhone OS 6_0_1 like Mac OS X) AppleWebKit/536....
208.54.39.186 - - [14/Jan/2013:08:49:07 -0600] "GET /blog/wp-content/themes/koi-improved/img/top-illustration.gif HTTP/1.1" 200 73677 "http://mysite.com/blog/tag/grow-dates-from-seed/" "Mozilla/5.0 (iPhone; CPU iPhone OS 6_0_1 like Mac OS X) AppleWeb...
208.54.39.186 - - [14/Jan/2013:08:49:10 -0600] "GET /blog/wp-content/themes/koi-improved/img/footer.gif HTTP/1.1" 200 44307 "http://mysite.com/blog/tag/grow-dates-from-seed/" "Mozilla/5.0 (iPhone; CPU iPhone OS 6_0_1 like Mac OS X) AppleWebKit/536.26...
208.54.39.186 - - [14/Jan/2013:08:49:31 -0600] "GET /blog/wp-content/themes/koi-improved/img/post-nav-rule.png HTTP/1.1" 200 531 "http://mysite.com/blog/tag/grow-dates-from-seed/" "Mozilla/5.0 (iPhone; CPU iPhone OS 6_0_1 like Mac OS X) AppleWebKit/5...
208.54.39.186 - - [14/Jan/2013:08:49:31 -0600] "GET /blog/wp-content/themes/koi-improved/img/header.gif HTTP/1.1" 200 61486 "http://mysite.com/blog/tag/grow-dates-from-seed/" "Mozilla/5.0 (iPhone; CPU iPhone OS 6_0_1 like Mac OS X) AppleWebKit/536.26...
92.249.127.111 - - [14/Jan/2013:08:52:27 -0600] "GET /blog/about/ HTTP/1.1" 200 6865 "http://medselect.ru/" "Mozilla/5.0 (compatible; news bot /2.1)"
92.249.127.111 - - [14/Jan/2013:08:52:28 -0600] "GET /blog/about/ HTTP/1.1" 200 6865 "http://medselect.ru/" "Mozilla/5.0 (compatible; news bot /2.1)"
148.87.19.214 - - [14/Jan/2013:08:52:43 -0600] "GET /blog/osx-change-root-shell/ HTTP/1.1" 200 3490 "https://www.google.com/" "Mozilla/5.0 (Macintosh; Intel Mac OS X 10_8_2) AppleWebKit/537.17 (KHTML, like Gecko) Chrome/24.0.1312.52 Safari/537.17"
148.87.19.214 - - [14/Jan/2013:08:52:43 -0600] "GET /blog/wp-content/themes/koi-improved/style.css HTTP/1.1" 200 4122 "http://mysite.com/blog/osx-change-root-shell/" "Mozilla/5.0 (Macintosh; Intel Mac OS X 10_8_2) AppleWebKit/537.17 (KHTML, like Geck...
148.87.19.214 - - [14/Jan/2013:08:52:43 -0600] "GET /blog/wp-includes/js/comment-reply.min.js?ver=3.5 HTTP/1.1" 200 747 "http://mysite.com/blog/osx-change-root-shell/" "Mozilla/5.0 (Macintosh; Intel Mac OS X 10_8_2) AppleWebKit/537.17 (KHTML, like Ge...
148.87.19.214 - - [14/Jan/2013:08:52:43 -0600] "GET /blog/wp-content/plugins/codecolorer/codecolorer.css?ver=0.9.9 HTTP/1.1" 200 2393 "http://mysite.com/blog/osx-change-root-shell/" "Mozilla/5.0 (Macintosh; Intel Mac OS X 10_8_2) AppleWebKit/537.17 (...
148.87.19.214 - - [14/Jan/2013:08:52:44 -0600] "GET /blog/wp-content/themes/koi-improved/img/socialmedia/rss.png HTTP/1.1" 200 1759 "http://mysite.com/blog/osx-change-root-shell/" "Mozilla/5.0 (Macintosh; Intel Mac OS X 10_8_2) AppleWebKit/537.17 (KH...
148.87.19.214 - - [14/Jan/2013:08:52:44 -0600] "GET /blog/wp-content/themes/koi-improved/img/paper-bg.jpg HTTP/1.1" 200 15311 "http://mysite.com/blog/osx-change-root-shell/" "Mozilla/5.0 (Macintosh; Intel Mac OS X 10_8_2) AppleWebKit/537.17 (KHTML, l...
148.87.19.214 - - [14/Jan/2013:08:52:43 -0600] "GET /blog/wp-content/themes/koi-improved/yellow.css HTTP/1.1" 404 11837 "http://mysite.com/blog/osx-change-root-shell/" "Mozilla/5.0 (Macintosh; Intel Mac OS X 10_8_2) AppleWebKit/537.17 (KHTML, like Ge...
148.87.19.214 - - [14/Jan/2013:08:52:44 -0600] "GET /blog/wp-content/themes/koi-improved/img/post-nav-rule.png HTTP/1.1" 200 531 "http://mysite.com/blog/osx-change-root-shell/" "Mozilla/5.0 (Macintosh; Intel Mac OS X 10_8_2) AppleWebKit/537.17 (KHTML...



( run in 0.871 second using v1.01-cache-2.11-cpan-8f98c5d2c55 )